t is the tens digit of y?
1
Suppose -500 = -5*c - 130. What is the units digit of c?
4
Let j = 27 + 8. What is the tens digit of j?
3
Suppose 10*r - 3*r - 35 = 0. What is the units digit of r?
5
Let q(o) = -7*o**3 - 17*o**2 + 7. Let u(s) = -4*s**3 - 9*s**2 + 4. Let z(k) = -3*q(k) + 5*u(k). What is the units digit of z(-4)?
1
Let d(u) = -u**2 - 4*u + 6. Let q be d(-6). Let b = q - -11. What is the units digit of b?
5
Let f = 291 - 205. What is the tens digit of f?
8
Let l be ((-2)/(-4))/((-7)/56). Let d(b) = b**2 + 4*b. Let j be d(l). Suppose 5*n + j = 10. What is the units digit of n?
2
Let j(y) = y**2 + 70. Let r be j(0). Suppose 0 = 2*i - r + 6. What is the units digit of i?
2
Suppose 203 + 61 = 2*c. What is the units digit of c?
2
Suppose 3*w - 3 = 45. Let u be 0 + 2 + (-4)/(-2). Suppose 6 = 4*o + i - 10, u*o = i + w. What is the units digit of o?
4
Let v be (-3)/(-3 - -4) - 2. Let m = v - -9. What is the units digit of m?
4
Let m = -46 - -89. What is the tens digit of m/2 - 1/2?
2
Let n(k) be the second derivative of -k**4/12 - 2*k**3/3 + 3*k**2 + 4*k. What is the units digit of n(-5)?
1
Suppose 4*p - 7 = 2*x + 9, 2*x + 1 = p. Suppose -3*m + 46 = -x. Let c = m - 6. What is the units digit of c?
0
Suppose -c - 368 = -5*c - 4*u, u = c - 96. What is the tens digit of c?
9
Let c = 11 - 0. Suppose -2*l - 3*z - c = -0*z, l + 3*z + 13 = 0. What is the units digit of l?
2
Let v(o) = 6*o**2 + 8. What is the units digit of v(-2)?
2
Let s(w) = -w + 9. Let c(a) = 5*a - 4. Let z(o) = -14*o + 13. Let x(k) = -11*c(k) - 4*z(k). Let f(n) = 6*s(n) + 5*x(n). What is the tens digit of f(0)?
1
Let a(q) be the first derivative of 5*q**4/4 + q**3/3 - 3*q**2/2 + 3*q + 6. What is the tens digit of a(2)?
4
Suppose 0 = -3*p - 0*p. Let z(j) = j**3 - j + 18. What is the units digit of z(p)?
8
Suppose -5*i + 4 = -i. Let y = i + -1. What is the tens digit of (-5 - 6)/(y - 1)?
1
What is the hundreds digit of (-2505)/(-6) + -1 + (-28)/(-8)?
4
Suppose -12*f + 130 = -7*f. What is the units digit of f?
6
Suppose 2*g + 2 = -2*f, -6*g + g - 5 = 0. Suppose f = -5*c + 4*c + 8. What is the units digit of c?
8
Let l be 33 + (-5)/(5/2). Let g = -14 + l. What is the units digit of g?
7
Let i = -3 - -4. Let p be 12/2 - (i - 0). Suppose -5*j + p*n + 10 = -0*n, -2*j = n - 4. What is the units digit of j?
2
Let c = -1 + 2. What is the tens digit of 1*-11*(-1)/c?
1
Let l(v) = v**2 + 8*v - 2. Let i be l(-8). Let y = i + 13. What is the tens digit of y?
1
Let i = 17 + 0. What is the units digit of i?
7
Suppose -2*a + 0*a + 208 = 0. What is the hundreds digit of a?
1
Let d(b) = b**2 + 2*b - 3. Let m = -2 - 4. What is the tens digit of d(m)?
2
Let x(z) = 1 - 12*z**2 + z + 19*z**2 + z + 15*z**2. What is the tens digit of x(-1)?
2
Let z = 1 + -1. Suppose n + 3*w - 14 = z, n = 2*w - 2 + 1. What is the units digit of n?
5
Let l be -3 - (4 + 0 + 18). Let j = l - -46. What is the units digit of j?
1
Let y(t) = 3*t**3 - 2*t**2 + 1. Let s be y(1). Let w = 6 - s. Suppose 3 - 38 = -4*i - l, -w*l - 12 = -3*i. What is the units digit of i?
8
Let v be -1 - 18*2/4. What is the tens digit of (-2 + (-4)/(-10))*v?
1
Let x = -59 - -101. Let r be 198/(-8) - 1/4. Let a = r + x. What is the units digit of a?
7
Let p(i) = -i - 4. Suppose 2*u = -u - 21. Let b be p(u). Suppose -5*f + 2*s + 48 + 12 = 0, -4*s + 36 = b*f. What is the units digit of f?
2
Suppose -2*d + 7 = 27. Let r = -13 + 6. Let v = r - d. What is the units digit of v?
3
Let y(g) = 3*g. Suppose -6*k + 18 = -2*k - 5*r, -3*k = r - 4. Suppose k*s = z - 0*s - 13, s - 1 = -2*z. What is the units digit of y(z)?
9
Let s(a) = 2*a + 6 + a**3 + 4*a - 18 + 2*a + 11*a**2. Let j be s(-10). Suppose 4*w = -0*w + j. What is the units digit of w?
2
Suppose -5*n + 10 = 0, -4*p - p - 5*n + 40 = 0. Let b(x) = -x**3 + x. Let u be b(1). Let g = u + p. What is the units digit of g?
6
Let g be -2 + (84 - -1 - -1). Suppose 4*r - g + 8 = 0. What is the units digit of r?
9
Let u(l) = 23*l**2 + 6*l + 9. What is the tens digit of u(-3)?
9
Let r = 17 + -29. Let u = -4 - r. What is the units digit of u?
8
Let p(d) be the third derivative of d**6/30 - d**5/30 + d**3/6 + d**2. Let w be p(1). Let l = -2 + w. What is the units digit of l?
1
What is the hundreds digit of 1 + 167 + 5 + -9?
1
Let x(n) = -4 - 1 + 4 - 8*n + 3. What is the units digit of x(-2)?
8
Let k(b) be the first derivative of 2*b**3/3 - 3*b**2 + 3*b - 5. What is the units digit of k(4)?
1
Let v be (0 - 2)/(3/(-30)). Suppose -v + 54 = 2*o. What is the tens digit of o?
1
Suppose 3*j - 3*w = -3, -2*w + 1 = 3*j - 7*w. Let z = j - -5. What is the units digit of -3*z/(-6)*4?
4
Let d(b) = b**3 - 7*b**2 - 9*b + 10. Let t be d(8). Let x(c) = 5*c**t + c**3 - 4*c + c**2 - 7 + 2*c. What is the units digit of x(-6)?
5
Suppose 3*w + w + 12 = 0. Let b be -9 + w - (-1 + -1). Let r(h) = h**3 + 10*h**2 - h. What is the tens digit of r(b)?
1
Let g = -30 + 52. Let o = g + -6. What is the tens digit of o?
1
Let x be 0 + 0 - (-4)/4. What is the units digit of (-33)/(-4) - x/4?
8
Suppose 5*v + r + 0*r = -10, -5*v = 5*r - 10. What is the units digit of 1/v + (-385)/(-21)?
8
Let p be 13/(-3) - (-1)/3. What is the units digit of (-63)/(-5) + p/(-10)?
3
Suppose 0 = 4*h + x + 2, -2*h + 4*h = -3*x + 4. Let z(v) = v + 1. Let n be z(h). Suppose -26 = -2*q - 5*u, -q + 4*u = -n*u. What is the units digit of q?
8
Let v(t) = t**3 + 5*t**2 + 3*t + 1. Let o(n) = -n**3 - 4*n**2 + 6*n + 3. Let z be o(-5). What is the units digit of v(z)?
7
Suppose -2*x + 5 = 1. Let m be 5*2 + 2 + -3. Suppose -x = n - m. What is the units digit of n?
7
Let d = 67 + -15. What is the tens digit of d?
5
Suppose -10*r + 366 = -164. What is the tens digit of r?
5
Suppose 9 = 3*y + 42. Suppose 0 = -6*w + w + 100. Let b = w + y. What is the units digit of b?
9
Suppose j = x, -1 = 2*x + 1. Let w be (-3)/(-2)*(j + -1). What is the units digit of (-14)/(-3) + w/(-9)?
5
Let z = 3 - 1. Suppose -q - z + 12 = 0. What is the units digit of (1 - 1 - q)/(-2)?
5
Let g be 4 + 0/3 - -1. Suppose -g*b - 3*z + 35 = 0, 4*b + z + z - 26 = 0. What is the units digit of b?
4
Suppose -120 = -3*r + 8*r. Let x be (58/10 - -1)*5. Let b = r + x. What is the units digit of b?
0
Let x(a) = a**2 + 9. Let o be x(0). Suppose o*d = 4*d - 5. Let k = d - -2. What is the units digit of k?
1
Let d(k) = 3*k - 1. Let j be d(1). Suppose 0 = 2*u - 3*q - 11 - 16, j*u + q = 15. What is the units digit of (3/u)/(2/18)?
3
Let b(c) be the third derivative of -c**5/60 - c**4/24 + c**3/3 - 2*c**2. Let w be b(-2). Suppose w*a - 4*a = -16. What is the units digit of a?
4
Suppose -l + 4 = -0. Suppose -l*u + 2*z = -46 - 36, -20 = -4*z. What is the units digit of u?
3
Suppose -2*y - 8 = p, -p = -3*y - 2 - 5. Let s be (p - (0 + 1)) + 5. Suppose -5*x = -4*x + 2, -2*k - s*x = -6. What is the units digit of k?
5
Suppose -i - 76 = -3*i. What is the tens digit of i?
3
Let l(m) = 2*m**2 + 2. What is the units digit of l(-4)?
4
Suppose -5*z + 2 = 7. Let n be z/2 + 36/8. Suppose 5*y = 5*s + 3*y - 56, n*s - 42 = 3*y. What is the units digit of s?
2
Suppose 0 = -5*t - 3*f + 196, -2*t - 5*f + 73 = -2*f. What is the units digit of t?
1
Let r = 10 + -6. Suppose 16 = -4*c + 4*q, 0 = -2*c - r*q - 31 + 5. Let t = 11 + c. What is the units digit of t?
4
Suppose -o - 2 = 1, -2*j + 4*o = -6. Let x = -4 - j. Let t = x - -3. What is the units digit of t?
2
Suppose 0 = 2*a + 5*m - m + 4, 3*a + 2*m - 2 = 0. Suppose 2*z + 3*u + a - 1 = 0, 4 = 2*z - 2*u. What is the units digit of -2*(2 - z) - -3?
1
Let y = 110 + -27. What is the units digit of y?
3
Suppose -4*u - 7 = -63. What is the units digit of u?
4
What is the tens digit of (-1418)/(-6) + ((-16)/12 - -1)?
3
Suppose -3*y + 79 - 22 = 0. What is the units digit of y?
9
Suppose 4*j = -j + 205. What is the units digit of j?
1
Suppose w - 3 = 7. Let o = w + -15. What is the units digit of 228/15 + 1/o?
5
Let q(c) = -c**2 - 8*c - 5. Suppose -2*l + 6*b - 3*b = 0, 0 = 3*b - 6. Let y be l/(-9) + 34/(-6). What is the units digit of q(y)?
7
Suppose -5*a + 3*c - 2*c + 188 = 0, a - 34 = 2*c. What is the tens digit of a?
3
Suppose -6 = -5*q + 9. Suppose k - 3*x = 5*k - 42, q*x = 3*k - 21. What is the units digit of k?
9
Let t be ((-6)/4)/(24/32). Let x(n) = -7*n - 1. What is the units digit of x(t)?
3
Let f(l)